*d. What is the units digit of (5/3 - 1)/(d/13635)?
2
What is the units digit of 13/(-52)*(4*-1 - 80*1263)?
1
Let u(t) = -31*t + 16. Suppose -90 = 8*o - 18. What is the tens digit of u(o)?
9
Let g = 56483 + -8577. What is the units digit of g?
6
Let v(x) be the first derivative of x**5/15 - 5*x**4/8 - 10*x**3/3 + 5. Let t(i) be the third derivative of v(i). What is the units digit of t(13)?
9
Let p = 72 + -72. Suppose -2*g + g + 7 = p. Let c(o) = 2*o**2 - 13*o + 8. What is the units digit of c(g)?
5
Let n = 146 + -141. Suppose -t - 4*t - 5*l + 560 = 0, n*t = 4*l + 578. What is the units digit of t?
4
Let i = 5090 + -5086. Suppose 5 = 2*g - 3. Suppose i*a = -0*a + 4*q + 64, -g*q + 96 = 4*a. What is the tens digit of a?
2
Let l = 22926 - -24117. What is the units digit of l?
3
Let o(s) = -1778*s - 28. What is the thousands digit of o(-2)?
3
Let c(b) = -38*b + 7522. What is the units digit of c(11)?
4
Suppose 9 = -4*t + 61. Suppose -10920 = t*k - 25*k. What is the tens digit of k?
1
Suppose 16*g + 61 = -35. Let n(y) = -42*y + 11. What is the tens digit of n(g)?
6
Suppose -83 = 2*p - 19. Suppose 82*g - 332 = 3276. What is the tens digit of (209/g)/((-2)/p)?
7
Suppose -6*b + 249 = -3*b. Let o = 2892 + -2870. Let m = o + b. What is the tens digit of m?
0
Suppose 4*i - 2224 = -4*v, -2*v - 8*i + 5*i + 1109 = 0. Let p = 1147 - v. What is the tens digit of p?
8
Suppose 50977 = 5*u - 2*c, -4*u + 40785 = -4*c - c. What is the ten thousands digit of u?
1
Let l(w) = 7*w**3 - 24*w**2 + 31*w - 35. What is the ten thousands digit of l(14)?
1
What is the hundreds digit of (0 + (-122376)/(-2))*43/258?
1
Suppose 0 = 3*i - 8*i + 10. Suppose -i*q + 2 = 0, -2*a - 3*q - 2*q = -53. What is the tens digit of (3*1*-2)/((-6)/a)?
2
Suppose 8*q = 11*q + 2*n - 7288, -2413 = -q - 3*n. What is the hundreds digit of q?
4
Let q(x) = -2*x + 95. Let f be q(-38). Let p = 581 - f. What is the hundreds digit of p?
4
Let g(k) = -46*k + 225. Let d = 911 + -911. What is the tens digit of g(d)?
2
Let p be (-20)/45*(-9)/12*-21. What is the hundreds digit of (36645/(-9))/p + (-16)/(-12)?
5
Let z(u) = 28*u**2 - 3*u + 141. What is the units digit of z(10)?
1
Suppose -v - 55 = -23. Let i be 4/(-14) + v/(-14). Suppose i*h - 375 = -3*z - 139, 4*h = -z + 482. What is the hundreds digit of h?
1
Suppose -x - 3*g + 15 = 0, g - 37 = -3*x - 0*x. Let c(u) = u**3 - 9*u**2 + 9*u + 6. What is the tens digit of c(x)?
4
Suppose -9*w + 6 = -12. Suppose -10*x = -13*x + 4*a - 2, w*x - 12 = -4*a. Suppose -3*g - x*g + 1382 = -2*r, -2*g + r = -552. What is the tens digit of g?
7
Let u(g) = 7*g + 2. Let c(p) = 6*p + 3. Let y(l) = 3*c(l) - 2*u(l). Let d(j) = -4*j - 5. Let s(k) = 6*d(k) + 7*y(k). What is the units digit of s(-1)?
1
Suppose -23*w + 3261 = -235. Let p = w - -43. What is the units digit of p?
5
Let l(q) = 13 - 6*q + 36*q + 25*q**2 + 8 - 14*q - 12*q. What is the tens digit of l(6)?
4
Let n(u) = 353*u**2 + 7*u + 253. What is the hundreds digit of n(-9)?
7
Suppose 2*q + 783 = j, j + 786 = 2*j + q. Suppose 0 = 2*k - 2*v - 841 - j, 5*k - 3*v - 4069 = 0. What is the units digit of k?
5
Let y = -655 + 1488. Suppose -8*l - y + 2225 = 0. What is the units digit of l?
4
Let h(l) = 586*l**3 - l**2 + 2*l - 2. Let x be h(1). Suppose -u + 582 = v, 11*u - 12*u + x = 4*v. What is the units digit of u?
1
Let a be -3*(-6)/9 - -3. Suppose -a*u - 866 = -7*u. What is the tens digit of u?
3
Suppose -18*c = -44 - 10. Suppose 9498 = 5*j + 12*n - 8*n, 3*j - 5715 = c*n. What is the hundreds digit of j?
9
Let y(g) = 22*g + 430. Let q be ((0/(-1))/(-4))/(-1). What is the units digit of y(q)?
0
Suppose 983701 = 241*l - 599669. What is the units digit of l?
0
Suppose -4*v - 55945 = 501*p - 506*p, 2*v = 3*p - 33569. What is the ten thousands digit of p?
1
Suppose -4*m + 128 = 84. Let t be (1 + m)*(-40)/30. What is the units digit of t/(4/(-4) + 46/50)?
0
Suppose 601*u + 372 = 603*u. Let h = u - 163. What is the units digit of h?
3
Let s be ((-39)/26)/(2/(25 - 1)). What is the tens digit of (-13776)/18*s/12?
4
Suppose -m + r - 54 = 0, 5*r - 8*r + 268 = -5*m. Let k = m - -280. What is the units digit of k?
7
Suppose -11643 + 205233 = 45*k. What is the units digit of k?
2
What is the tens digit of 3 - ((-25)/(150/165924) + 1/1)?
5
Let z = 297 + -294. Suppose -z*o - 291 = r - 1637, -2*r + 2659 = -5*o. What is the tens digit of r?
3
Let b = 5405 - 3797. What is the thousands digit of b?
1
Let x(g) = -43*g + 1140. Let c be x(28). Let m(o) = 2*o**2 + o + 7. Let i be m(-6). Let t = c + i. What is the units digit of t?
9
Suppose -19*c + 2843863 = 9*c + 1139307. What is the tens digit of c?
7
Suppose -3*h + 21 = 4*h. Let o(k) = -k**2 + 6*k - 6. Let w be o(h). Suppose f = -5*j + 117, 0*j + w*f - 111 = -5*j. What is the tens digit of j?
2
Let h(z) = -4*z + 42. Let f be h(9). What is the tens digit of 40*((-2784)/(-20))/f?
2
Let k(p) = 7*p**2 + 23*p - 32. Let s(v) = -v**3 + 14*v**2 - 50*v + 6. Let o be s(8). What is the tens digit of k(o)?
3
Suppose 2*s + 4*i = 34776, 2*s - 3*i + 5*i - 34774 = 0. What is the units digit of s?
6
What is the hundreds digit of (254/5334)/((-2)/(-18)) - (-1304402)/14?
1
Suppose 5*f - 4 = -2*y, 24*y - 12 = -3*f + 26*y. Suppose 184 = z + 10*x - 9*x, -4*x = -f*z + 356. What is the units digit of z?
2
Let b = 1 + 2. Let t = 925 + -918. Suppose 2*u - t = b. What is the units digit of u?
5
Let x be -57 + 75 - 6*1. Suppose 5*m - x*m + 3528 = 0. What is the hundreds digit of m?
5
What is the hundreds digit of ((-4347)/(-115))/((-1431)/(-4935) + (-4)/14)?
8
Suppose -11212 = 106*i - 108*i + 4*l, 2*l = 2. What is the units digit of i?
8
Let j(k) = -716*k + 223. What is the thousands digit of j(-7)?
5
What is the units digit of -5 + (946714/177)/(4/6)?
8
Suppose -5*b = -7*i + 4*i - 12, -i = -5*b + 14. Suppose b*o - 456 = 768. What is the hundreds digit of o?
4
Let z(x) = 9*x**2 - 85*x + 1119. What is the tens digit of z(18)?
0
Let w be (-2)/(-3 - -5)*15. Let k be (-95)/w + (-3)/9. What is the tens digit of ((-2)/k)/(12/(-1188))?
3
Let t be ((-4)/6)/((-2)/3). Suppose 0 = 10*p + t - 1. Suppose 0 = 2*u + 4*n - 342, u + 0*n + n - 168 = p. What is the hundreds digit of u?
1
Suppose -w = 2*w - 3126. Let c be (164/(-123))/(12/(-2241)). Suppose 5*m - w = -2*f - c, -5*m = -2*f - 797. What is the tens digit of m?
5
Suppose 3*c - 9964 = -5*p, -3*p + 2214 + 3772 = -2*c. Suppose -736 = 6*b + p. What is the tens digit of b/(-3) + 8/24?
5
Suppose 2*r + 2 = 0, -70*j + 70985 = -66*j - 5*r. What is the units digit of j?
5
Let i(c) = c**2 - 3*c + 2. Let r be i(3). Suppose -19*f = -24*f - s + 56, -2*f = 3*s - 12. Suppose g = r*g - f. What is the tens digit of g?
1
Suppose -3345 = -5*j - x, 2*j - 6*x = -10*x + 1338. Let m = j + -391. What is the tens digit of m?
7
Let n = -6251 + 11026. What is the tens digit of n?
7
Let n(g) = g**2 + 14*g - 20. Let u = 26 + -17. Let p be ((-66)/u)/(5/15). What is the units digit of n(p)?
6
Let d = -531 - -563. What is the tens digit of 8 - d*(-77)/14?
8
Let y(b) = b**3 + 15*b**2 - 170*b + 8. What is the units digit of y(-17)?
0
Suppose 2*g = -3*p + 63, 5*g - 32 + 11 = -p. Suppose -15*k + p*k = 3066. What is the units digit of k?
1
Suppose 6*s + 4*n = 14836, -1125*s + 1122*s + 7426 = 4*n. What is the hundreds digit of s?
4
Let p be 145837/410 + 6/20. Suppose -s + v + p = 0, 0 = 5*s - 0*v - 3*v - 1786. What is the tens digit of s?
5
Suppose -7*n - 129 = -1018. Let s = 355 + n. What is the units digit of s?
2
Let d = -17 + 19. Let f be (1 + d)/((-27)/18). Let j(q) = -65*q - 1. What is the units digit of j(f)?
9
Suppose 2*p = 5*a - 9 - 11, -4*a + p + 13 = 0. Let u = -19 - -24. Suppose -89 - 67 = -2*z - t, u*t = a*z - 132. What is the units digit of z?
6
Let o(g) = 18*g - 389. Let d be o(18). What is the thousands digit of 1482/d*(-2 + -60 + 2)?
1
Let v = 2698 + -1234. Suppose 3*g - 581 = -u, -v - 860 = -4*u - 4*g. What is the tens digit of u?
8
Let q(u) = 29*u**2 - 4*u + 37. Let a be ((4 - 1 - 6) + -3)*1. Let w be q(a). Suppose 2*m = -11*m + w. What is the tens digit of m?
8
Suppose 165 = 3*j - 3*x, 68 = -5*j - x + 325. Let t be (2/13)/(-1) + (-2696)/j. What is the units digit of (0 - 51)*t/78?
4
Let j = 9351 + 9490. What is the hundreds digit of j?
8
Let x be (34 - 34)*(2/4)/1. Suppose 25*u - 26*u + 2142 = 2*g